 is j(5)?
-7
Let f be -3 + (4 - (-3)/(-1)). Let a(c) be the third derivative of c**5/60 - c**4/12 + 2*c**2. What is a(f)?
8
Let h = 2 + -6. Let l(s) = -s + 4. Calculate l(h).
8
Let k(q) = -2*q. Let t(m) = 2*m + 4. Let f be t(3). Let g be (2 - 12/f)*-5. Calculate k(g).
8
Let c(o) = o**2 - 5*o - 7. Let v(x) = x**3 + 6*x**2 + 2*x - 8. Let p be v(-5). Give c(p).
7
Let j(t) = t**2 - 1. Suppose 4*f = 2 - 6. Let c be j(f). Let m(p) = 9*p**3 + 2*p**3 - 1 + c*p**2 + p**2. Give m(1).
11
Let s(m) = m + 9. Let q(w) be the second derivative of w**3/3 + 5*w**2 + 4*w. Let r(t) = -2*q(t) + 3*s(t). Determine r(3).
4
Let u(v) = -v + 4. Let x(t) = -2*t - 4. Let b be x(1). Give u(b).
10
Let p(m) be the second derivative of m**3/3 - m**2/2 + 14*m. Give p(2).
3
Let f(q) = -q**3 + 7*q - 3. Let a(b) = b + 1. Let w(l) = -6*a(l) + f(l). Suppose 10 = 5*g, -4*d + 4*g = -d + 11. Let z = d - -1. What is w(z)?
-9
Let u(n) be the third derivative of n**4/12 - 5*n**3/6 + n**2. Let j = 41 + -35. Determine u(j).
7
Suppose -3*x = -0*x - 6. Let l(j) = 2*j**2 - j + 1. Let m(i) = 5*i**2 - 4*i + 3*i**2 + 4 + 2*i**2. Let f(c) = -11*l(c) + 2*m(c). Give f(x).
-5
Let r(c) = -c**2 + 6*c + 1. Let b be r(5). Suppose 0*n - b = -2*n. Let l(z) = -1 - 3 + 6 - z - n. Give l(-5).
4
Let x(f) = -5*f - 1. Suppose -1 - 14 = -5*t. Let m(r) be the third derivative of 5*r**4/24 + r**3/6 + r**2. Let a(b) = t*x(b) + 2*m(b). Calculate a(1).
-6
Let o(d) be the third derivative of -d**5/60 + 5*d**4/24 - d**3/2 - 13*d**2. Calculate o(3).
3
Let k(j) = 7*j**2 + j + 1. Let q(l) = -l**2 - l. Let t(g) = k(g) + 6*q(g). Give t(4).
-3
Let r(s) = 2*s - 1. Let g be (-8)/(-60) - (-174)/45. Give r(g).
7
Let t(n) be the second derivative of n**4/12 - 5*n**3/6 - 4*n**2 - 19*n. Determine t(7).
6
Let r = 14 + -9. Let f(i) = -i**3 + 6*i**2 - 5*i + 4. Let k be f(r). Let c(y) = -2*y**2 + 4*y**2 + 1 - 4*y - y**2. Calculate c(k).
1
Let q(s) = s**2 + 4*s - 4. Let y be (-3)/(12/14) - (-6)/(-4). Give q(y).
1
Let i(g) = -2*g**2 + 3*g + 2. Let l(z) = 8*z**2 - 13*z - 9. Suppose 3*r + 3*k = 6*r - 18, -2*k + 24 = 2*r. Let n(a) = r*i(a) + 2*l(a). What is n(-1)?
-3
Let q(n) = n**2 - 3*n + 3. Let s(x) = -x**3 - x**2 + 4 - 2 - 4*x**2 - x**2. Suppose 4*l + 12 = -12. Let y be s(l). What is q(y)?
1
Let y(r) = 4*r + 9*r - r**3 - 9 + 5*r**2 - 6*r. Calculate y(6).
-3
Let k(d) = -5*d - 2. Let b(h) = 4*h + 3. Let y(c) = 3*b(c) + 4*k(c). Let f be (0/1 + -1)*-1. What is y(f)?
-7
Let k be (-1)/(4/52*1). Let m = 19 + k. Let j(t) = -t**3 + 6*t**2 + 3*t - 9. What is j(m)?
9
Let j(a) = a**2 + 4*a. Let d be j(-4). Suppose d = -5*s - 1 + 11. Let o(h) = 2*h**3 - 4*h**2 + 3*h - 2. Give o(s).
4
Let o(m) be the second derivative of -m**5/20 - m**4/3 + 5*m**3/6 - 2*m**2 - 2*m. Suppose 2*s = -2*s - 20. Give o(s).
-4
Let w(p) = 3*p**3 - 6*p**2 - 5. Let u(y) = 10*y**3 - 19*y**2 + y - 14. Let k(q) = -2*u(q) + 7*w(q). Give k(5).
8
Let z(w) be the third derivative of w**5/20 + w**2. Let g(b) = -2*b**3 - 3*b**2 + 2. Let d be g(-2). Let q be (-3)/d*(0 + -2). Calculate z(q).
3
Let j(a) = 7*a**2 + a. Let g = -2 + 6. Let m(b) = b**3 + 5*b**2 + 4*b - 2. Let s be m(-4). Let d be (0 - -2)*s/g. What is j(d)?
6
Let p(d) = -6 - 2*d**2 + 4 - 9*d + 5*d**2 - 4*d**2. Give p(-4).
18
Let s(b) = -b**3 + 7*b**2 - 2*b + 4. Let w be s(7). Let v be 2/5 + (-46)/w. Let z(j) = -5*j - 15*j**2 - 8*j**2 + 35*j**2 - 3 - 11*j**2. What is z(v)?
-3
Let z(s) be the third derivative of -s**6/120 - s**5/20 - s**4/24 + s**3/6 + s**2. Suppose 0 = 2*r + 3*r - 30. Let m = -8 + r. Calculate z(m).
-1
Let n(o) be the third derivative of o**7/840 + o**6/72 + o**5/60 + o**4/4 - o**3/3 - 9*o**2. Let y(r) be the first derivative of n(r). What is y(-5)?
-4
Let h(t) = -t**3 + t**2 - t + 1. Let s(z) = 7*z**3 - 10*z**2 + 6*z - 3. Let f(y) = -6*h(y) - s(y). Let b(a) = a**2 + 5*a + 3. Let o be b(-5). Determine f(o).
6
Let p(w) = 7*w**2 + 2*w - 2. Let o(k) = 15*k**2 + 4*k - 5. Let v(z) = -6*o(z) + 13*p(z). Determine v(-4).
12
Suppose 2*c - 3*g = 7, 3*c = -g + 6*g + 13. Let y(b) = b - 1. Let w be y(3). Let m(n) = 3*n - 5 - n**3 - 3*n**w - 9*n - 2*n**2. Give m(c).
3
Let s(c) = -1 - 5*c**3 + 4*c - c - c**2 - c. Let v(w) = -w**2 + w + 2. Let r be v(0). Suppose 5*z - 7 = r*l, -1 = z - 4*z - 2*l. Calculate s(z).
-5
Let i(a) be the first derivative of -3*a**2 + a + 9. What is i(-1)?
7
Let c = 30 - 23. Let i(s) = -s**2 + 6*s + 10. Calculate i(c).
3
Let w(a) = 0 - 7 - 11*a**2 - 7*a + 10*a**2. Let t = 8 + -11. Let p = -8 - t. Calculate w(p).
3
Let o be (24/30)/((-4)/(-50)). Let k be 16/o*(-15)/(-6). Suppose k*x - 14 = -3*i, i + 4*x - 1 = -x. Let u(r) = r**3 - 5*r**2 - 6*r - 5. Calculate u(i).
-5
Let j(q) = -3 + 7*q**2 - 6*q**2 - 4*q + 0*q**2. Calculate j(5).
2
Let a(d) = -d - 1. Let r(t) be the third derivative of t**4/8 + t**3/6 + 3*t**2. Let j = 1 + -3. Let f(l) = j*a(l) - 2*r(l). Give f(1).
-4
Let z(j) = -2*j + 1. Let x = 2 - 0. Let s = -2 + x. Suppose v + 9 = -4*v - 2*c, -4*v + 4*c - 24 = s. What is z(v)?
7
Suppose 5*h - h - 4*z - 36 = 0, 4*z = -12. Suppose 3*w + 3*q + 21 = h*w, -2*q = -w + 8. Suppose w = -0*b + 3*b. Let m(o) = -o**2 - o + 2. What is m(b)?
-4
Let a(x) be the first derivative of x**4/4 + 5*x**3/3 - 4*x**2 + x - 20. Calculate a(-6).
13
Let r be -1 - (-2)/2 - -6. Suppose -4*g + 7*g + 5*x + 26 = 0, 0 = -3*g + 3*x + r. Let f(k) = k. Give f(g).
-2
Let p(c) = 2*c**3 - 3*c**2 + c + 9. Let d(m) = 5*m**3 - 7*m**2 + 2*m + 18. Let v(r) = -3*d(r) + 7*p(r). Suppose -o - 3*o = 0. What is v(o)?
9
Let z(v) = -3*v + 5. Let y(h) = 7*h - 10. Let f(i) = 4*y(i) + 9*z(i). Suppose -u + 6 = 3*c - 3, 5*u = 5*c - 15. Suppose c*p = -2*p. Give f(p).
5
Let i(p) = 6 - 7*p + p**3 - 7*p - 7*p + 15*p + 6*p**2. Determine i(-7).
-1
Let p(t) = -2*t**3 - 15*t**2 + 11*t + 19. Let n be p(-8). Let s(o) = o**3 + 5*o**2 - 4*o + 2. What is s(n)?
22
Let q(m) = -m + 4. Let j be q(6). Let c(d) = 25*d**2 - 14*d**2 - d + d**3 - 10*d**2. Give c(j).
-2
Let d = -1 + -2. Let b(z) = z**3 + 3*z**2 + z + 2. Let n be b(d). Let i(c) = 5*c**2 - 1. Determine i(n).
4
Let f(x) be the first derivative of x**2/2 + x - 4. Give f(3).
4
Let j(i) = -5*i - 1. Let k(t) = t**2 + 4*t + 2. Suppose -m = 3*m + 12. Let u be k(m). Let r be 0 + (1 - u) - 1. What is j(r)?
-6
Let p(v) = -5*v**3 + v**2 + 6*v + 3. Let h(u) = -u**3 + u + 1. Let t(g) = -4*h(g) + p(g). What is t(2)?
-1
Let v(s) = -s**3 - 7*s**2 - 6*s - 6. Suppose 0 = -15*j + 17*j + 12. Calculate v(j).
-6
Let d = -90 - -94. Let t(o) = -2*o + 5. Calculate t(d).
-3
Let j(i) = 2 - 2 - 7 + i. Let d be 22/(-121) + 70/22. Suppose n + 5*o - 3 = 0, -4*n + 11 = -d*o - 1. Calculate j(n).
-4
Let c(z) be the third derivative of z**8/20160 + z**7/2520 + z**6/240 - z**5/15 - 3*z**2. Let b(i) be the third derivative of c(i). Determine b(-2).
3
Let g(f) be the third derivative of -f**5/60 + f**4/3 - 3*f**3/2 - 8*f**2. Give g(6).
3
Suppose -3*s + 0*s = -4*v - 1, 0 = -s + 2*v - 1. Let t(h) be the first derivative of -2*h + 1 + 2*h**2 - 2*h + 1. Calculate t(s).
8
Let m(u) = -3*u. Let l(p) be the third derivative of 1/24*p**4 + 0 + 0*p**3 + 0*p + p**2. Let b be l(1). Give m(b).
-3
Suppose 11 = 2*d + 2*d + 3*v, -5*v + 28 = -3*d. Let w(m) = -m**3 - 2*m**2 - 2*m - 1. Give w(d).
0
Let h(p) = -p**2 - 4*p + 2. Let z(t) = t**2 - 7*t - 3. Let x = -8 - -15. Let i be z(x). What is h(i)?
5
Let w(l) = 4*l**3 - l**2 + l - 1. Let i(h) = h - 5. Let v(c) = -2*c + 10. Let k(n) = 9*i(n) + 4*v(n). Let s be k(6). What is w(s)?
3
Let u be (10 - 2) + -1 - 0. Let i = 13 - u. Let c(b) = i - 3 - 2*b + 0 + 3*b. What is c(-2)?
1
Let b(v) be the third derivative of v**6/120 - v**5/12 + v**4/4 - v**3/6 - 4*v**2. What is b(4)?
7
Let a(j) be the third derivative of j**5/10 - 10*j**2. What is a(1)?
6
Let o be 2/(-4)*2 - -10. Suppose 3*c - o = -0. Let s be ((-3)/(-1*c))/1. Let x(a) = -5*a**2 + 1. Give x(s).
-4
Let k be (16/14)/((-2)/(-7)). Suppose -x = -k + 1. Let q(h) = h**3 - 3*h**2 - h - 1. What is q(x)?
-4
Suppose -2 = 2*a + 3*q, 3*a + 3*q + q = -2. Let p(h) = -5*h + 6*h - 1 + a*h**2 - h - 8*h**3. Give p(-1).
9
Let j(d) be the first derivative of d**5/120 + d**4/8 - 2*d**3 + 2. Let o(q) be the third derivative of j(q). What is o(-4)?
-1
Suppose a + 2*a = -k + 9, -4*a = -4*k - 28. Let x(s) = -s**3 - 4*s**2 - 3*s. What is x(k)?
0
Let u = -5 + 10. Suppose u*k = -2*r, -r = 